he third derivative of -m**6/120 + 11*m**5/60 - 11*m**4/24 + 2*m**3 - 10*m**2. Determine l(10).
2
Let x(g) = g + 0*g + 0*g + 0*g. Suppose -15 = -2*u - 5*z, 0 = 6*u - 2*u + 3*z - 9. Determine x(u).
0
Suppose 2*j = -5*x + 8, j = 2*x + 4 - 0. Let z(t) be the third derivative of 0*t + t**2 + x - 1/120*t**6 - 1/3*t**3 + 1/30*t**5 + 1/12*t**4. Determine z(3).
-5
Let g(v) = -5*v + 1. Let t(l) = -6*l + 1. Let o(y) = -5*g(y) + 4*t(y). Calculate o(2).
1
Let j be 0 - (-5)/(10/4). Let k(m) = -9 + m + 6*m - 2*m**j + m**2. What is k(6)?
-3
Let x(t) = -2*t**2 + 2*t - 2. Suppose a + a + 80 = 0. Let f be a/(-6) - 4/6. Suppose 2*c - 16 = -3*l, -4*c - 6 - f = -5*l. Calculate x(c).
-6
Let h = -8 + 13. Let m(k) = -6*k**2 + 12. Let j(v) = -5*v**2 + 11. Let q(a) = h*j(a) - 4*m(a). Suppose -3*w + 15 = 0, -5*d + 4*w - 25 = -w. Determine q(d).
7
Let o = -4 - -4. Let u be 12/7 + 10/35. Let h(t) = -t + 2*t**2 + 4 + u*t**2 + 0*t**2 - 3*t**2. Give h(o).
4
Let i(x) = x + 0*x + x - 1 - 32*x**2 + 16*x**2. What is i(1)?
-15
Let h be 2/((-2)/1)*3. Let r be (-9)/2*4/h. Let f = -4 + r. Let o(a) = -a. Determine o(f).
-2
Let h(p) be the second derivative of p**3/6 - p**2/2 - p. Let i be ((-3)/12)/((-4)/80). Suppose 5*x - i*n = -40 - 10, 2*x + 15 = n. Determine h(x).
-6
Let r = 15 - 12. Let w(g) = g**3 - 4*g**2 + 3*g - 1. Determine w(r).
-1
Let d(m) = m**3 + m + 2. Suppose -a - 5*l = -3*l, 4*l + 14 = 5*a. Let t = a - -1. Suppose 3*h = t*c + 3, 4 = -3*h - 3*c - 11. Calculate d(h).
-8
Let f(t) = t**2 - t - 5. Let r(o) = o**2 - 5. Let z(k) = 5*f(k) - 4*r(k). What is z(4)?
-9
Let t(b) be the second derivative of b**4/12 + b**3/3 - b**2/2 + 4*b. Determine t(-3).
2
Let u(d) = -d**3 - 5*d**2 + d + 4. Let v be 6*3/(-3)*(-8)/(-12). Determine u(v).
-16
Let r(m) = -m**3 - 6*m**2 + m + 8. Let t be r(-6). Let c(g) = -g**2 + 4 - g**2 - g**t + 4*g**2 + 5*g. Determine c(-5).
4
Let i(z) be the first derivative of 5*z**3/3 - z**2 - 2*z - 37. Determine i(2).
14
Suppose -3*r - r - 20 = 4*v, 5*r + 2*v = -16. Let d(t) = t**2 + t + 1. Let x(s) = -2*s**2 - 5*s - 2. Let j(f) = r*x(f) - 6*d(f). Let i = 1 - -1. Give j(i).
-2
Let b(d) = -d**3 + 9*d**2 - 4*d - 6. Let f(s) = s**3 - 10*s**2 + 4*s + 6. Let x(y) = 4*b(y) + 3*f(y). Give x(5).
-1
Let s(o) be the third derivative of o**6/30 - o**4/12 + o**3/6 - o**2. Let p be s(1). Let l(n) = -3*n**p + 5*n**3 - 3*n**3 + 1 + 6*n**3. Calculate l(-1).
-4
Let c be -1 - 12*2/(-3). Let m = 12 - c. Let k(u) = -u**3 + 4*u**2 + 3*u. Calculate k(m).
-10
Suppose 0 = 15*t - 9*t + 12. Let i(z) = 8*z**2 + z - 1. Let x(b) = -b**2. Let m(p) = -i(p) - 6*x(p). Calculate m(t).
-5
Let o(x) = 2*x**2 - 3*x + 1. Let f be ((-2)/(-6))/((-3)/(-9)). Let m be 4/(-12)*f*-6. Calculate o(m).
3
Let n(a) = -17*a**3 - a**2 - 2*a - 1. Let o(c) = 2*c + 25. Let x be o(-13). What is n(x)?
17
Let a(r) = -r**3 + 8 + 0 + 3*r**2 - 10*r**2 + 2*r. Calculate a(-7).
-6
Let n(o) be the first derivative of o**3/3 + 5*o**2/2 + 5*o - 14. What is n(-4)?
1
Suppose 3*d = -2*z - 2*z + 18, -d + 5 = z. Let v(w) = 2*w - 3. Let x be v(6). Suppose -i - d*i = x. Let b(o) = -o - 1. Give b(i).
2
Let d(l) = -42 + l + l + 39. Let a be d(4). Let s(k) = -k**2 + 4*k + 2. What is s(a)?
-3
Let d be (1 - -2)*-1 + 7. Let o(h) = -2 - d - 1 - h**2 - 2*h + 5. What is o(-2)?
-2
Let h(w) = 4*w + 1 - w**2 - 5 + 3 - w - w**3. Give h(2).
-7
Let w(i) = -9*i**2 + i. Let f be ((-3)/(-6))/((-4)/(-16)). Let d(y) = 3*y**3 - 2*y**2 + y. Let c be d(f). Let g be 4/c - 21/(-27). What is w(g)?
-8
Let j be 4 + -7 - (-1 + -2). Let q(f) = -f - 1. What is q(j)?
-1
Let b(r) be the second derivative of -r**3/3 + r**2/2 - 10*r. Let c be ((-6)/4)/(6/16). Let x be 2 + c + (-2 - 0). Give b(x).
9
Let u(q) = q - 9. Let v be u(7). Let i be 1 + (-5)/(-3 - v). Let w(r) = 9 - i + r + r. Determine w(-3).
-3
Let m(c) be the third derivative of 0*c + 2*c**2 - 1/3*c**3 + 1/120*c**5 + 0 - 1/8*c**4. Let q(z) be the first derivative of m(z). Calculate q(5).
2
Let u(b) be the third derivative of -b**6/24 + b**5/60 - b**3/6 - 2*b**2. Let r be -2 + 5/2*2. Let o be r/2*(-6)/(-9). Give u(o).
-5
Let n(o) = -1 - 4*o + o - 2*o + o. Calculate n(1).
-5
Let s(u) = 9*u + 10*u + 4 - 21*u. Suppose -v + 9 = -r, 2*v - 4*r + 3*r - 14 = 0. Give s(v).
-6
Suppose -26 = 5*n - 2*r, 3*r = -4 - 2. Let k be (5/(-15))/(2/n). Let p(j) = 6*j + 2 - 3 + 2*j. Calculate p(k).
7
Let v be 5 + (-2 - 1/(-1)). Let m = v + -6. Let g(n) = n**3 - 2*n - 2. Give g(m).
-6
Suppose -7*x = -9*x - 12. Let d(w) = -w**3 - 5*w**2 + 5*w - 3. Determine d(x).
3
Let x be (-6)/(-15) + (-18)/(-5). Let c be (-10)/x*8/(-10). Let l(y) = -2*y**c - 2 + 2*y**2 + y**2 + 6*y. Calculate l(-5).
-7
Let m(d) = d**3 + 2*d**2 - 3*d - 2. Suppose -3*w + 12 = -3*u, 9 = -5*u - 5*w + 29. Suppose u*q = 2*q + 18. Let y = -12 - q. Give m(y).
-2
Let v(i) = -7*i**3 - 17*i**2 - 5*i + 14. Let f(m) = 3*m**3 + 8*m**2 + 2*m - 7. Let l(s) = -5*f(s) - 2*v(s). Give l(-6).
7
Let l(p) = -5*p**2 - p**2 - 2 - 6*p + 5*p**2. Calculate l(-5).
3
Let s = -84 - -80. Let q(r) = r**3 + 4*r**2 + r - 2. Calculate q(s).
-6
Let r(c) be the second derivative of -c**4/12 + c**3 - 2*c**2 - c. Calculate r(4).
4
Let y(h) = -h**2 + 6*h - 2. Let m = 5 + 1. Give y(m).
-2
Let b(x) = x - 5. Let d be 6/(-39) - 56/(-26). Suppose -3*a - 4*w - 19 = -6*w, 16 = -d*a + 3*w. Calculate b(a).
-10
Let v(s) = -s**3 + 3*s**2 + s + 5. Let h be v(4). Let q(f) = f**2 + 8*f + 3. Determine q(h).
-4
Let u = -4 - -1. Let y = 5 + u. Let t(q) = 5 + 3*q**y - 5*q - q**2 - q**2. What is t(5)?
5
Let y(d) = 11*d + 1. Let n(z) = -5*z - 1. Let i(m) = 9*n(m) + 4*y(m). Give i(-7).
2
Suppose -y + 7 - 15 = 0. Let p(t) = t**3 + 7*t**2 - 9*t - 8. What is p(y)?
0
Let l(t) = -2*t**2 - 6*t - 1. Let w(f) = f**2 + 4. Let n be w(0). Suppose -n*u - 15 = -99. Let p be (-90)/u - (-4)/14. Calculate l(p).
-9
Let t(z) = -z - 2. Let x be 40/(-20) - (-1 - (4 - 0)). Determine t(x).
-5
Let g(f) = 4 + 7*f**2 - 4*f**2 + 9*f**3 + 2*f - f - 10*f**3. Suppose 0 = -w + 4. Give g(w).
-8
Suppose -5*j + 4*j = -2. Suppose j*g = -g. Let q(n) be the first derivative of n**4/4 - n**3/3 - n**2/2 + 4*n - 1. What is q(g)?
4
Let w = -12 + 15. Let m(b) be the third derivative of -b**4/12 - b**3/2 - 2*b**2. Determine m(w).
-9
Suppose 0 = -5*n + n + 8. Let q(u) = 2 + u**2 - n. Let j(t) = t**3. Let r be j(-1). Calculate q(r).
1
Let d be 13/2*1 + (-11)/22. Let g(k) = k**2 - 6*k - 8. Give g(d).
-8
Let g be 4 - (1 - (-2 + -3)). Let n(d) = -d**2 + 1. Calculate n(g).
-3
Let g be (-6 - -3) + 2 + 6/1. Let x(n) = n**3 - 4*n**2 - 4*n + 3. Determine x(g).
8
Suppose 3*b - 135 = -2*b. Let g = 9 - b. Let y be 50/g + 4/(-18). Let x(l) = -l**3 - 2*l**2 + l. What is x(y)?
6
Let k(g) = -7*g**2 - g. Suppose -2*t = -5*t. Let a be -1 - 0 - t - -2. Give k(a).
-8
Let r(b) = 6*b**2 + 6*b + 6. Let f(w) be the first derivative of -2*w**3 - 7*w**2/2 - 7*w + 1. Let p(k) = 5*f(k) + 6*r(k). What is p(-1)?
6
Let o(t) = -2*t**3 - 6*t**2 - 7*t + 1. Let q(r) = 3*r**3 + 12*r**2 + 14*r - 2. Let i(g) = 5*o(g) + 3*q(g). Let d be i(7). Let j(h) = 8*h + 1. Give j(d).
-7
Let s be ((-4)/5)/(2/(-10)). Let a(o) be the first derivative of o**3/3 - 3*o**2/2 + o - 3. Give a(s).
5
Let j(i) = -i - 2. Suppose 4*x + 33 = 9. Determine j(x).
4
Let n(f) = f**2 + 1. Suppose -15 = -5*y + 2*o + o, 4*y - 3*o - 15 = 0. Determine n(y).
1
Suppose -2*z - 5*m = 13, m + m = -z - 6. Let g(a) = -a**3 - 4*a**2 + 4*a + 5. Calculate g(z).
-11
Suppose 0 = -5*h - 2*t + 7*t, -t + 8 = 3*h. Let d be h/1 - 2/1. Let b(u) = -u - 3. Give b(d).
-3
Let x(a) be the first derivative of -a**3/6 - 7*a**2 - 6*a - 6. Let h(c) be the first derivative of x(c). Give h(-6).
-8
Suppose 0 = 4*t + t - 5. Let k(q) be the third derivative of q**4/8 - q**3/6 + 16*q**2. What is k(t)?
2
Suppose -x + 4*j - 8 = 0, -1 - 1 = 2*x - j. Let b(f) = x*f - 2 + 3 + f + f**3. Let l = 11 + -12. What is b(l)?
-1
Let c(u) = u**3 + u**2 - 3*u + 4. Let f be c(0). Let s = -4 + 7. Let t(n) = -3*n**2 + 2*n**2 - s*n + 5*n. Calculate t(f).
-8
Let r(z) be the third derivative of z**4/24 - 19*z**2. Give r(2).
2
Let j(g) = g**2 - 5*g - 1. Suppose 0 = -3*a + 6 + 6. Determine j(a).
-5
Let m(l) = 7 + 10*l - 4*l - 7*l**2 + 3*l**2 + 3*l**2. Let o = -6 - -12. What is m(o)?
7
Let t(h) be the third derivative of -h**8/6720 + h**6/240 - h**5/120 - h**4/8 + 5*h**2. Let c(i) be the secon